se 0 = -d - 2*d. Suppose d = h - 5*h + 124. Is h a prime number?
True
Let g = 91 - 89. Is (g/(-20)*2)/((-2)/4430) prime?
True
Let y be ((-12)/10)/((-6)/40). Let m be 1*1441 - (y + -5). Suppose 3*x - j - 858 = -0*j, 5*x + j - m = 0. Is x prime?
False
Let s = 9 - 11. Is (-1)/(10/435)*s prime?
False
Let r(v) = 6*v**2 - 12*v + 13. Let m be 28*-1*-2*5/40. Is r(m) a composite number?
False
Suppose -6*o + 10450 = -o. Suppose -5*t + 6*r = r - o, 1256 = 3*t - 5*r. Is t composite?
True
Let p = -99 - -102. Suppose 9*x = p*x + 762. Is x a composite number?
False
Suppose -3*r + 75877 = 2164. Is r composite?
False
Let k = -104 + 105. Is 3263 + 2 + 6 - (k - 1) a prime number?
True
Let h be (-1638)/8 - 1/4. Is (68 + 0)*h/(-20) composite?
True
Suppose 1671 = -3*n - 6279. Let l = -1799 - n. Is l a composite number?
True
Is (8633/4)/((-19 + 14)/(-20)) prime?
False
Let b = 40 + -67. Let w be 40/15*b/(-2). Is 1*(-5 - -2) + w prime?
False
Suppose -3*d = 15, 2*y + d = 6 + 1. Let q be 32/6 - y/(-9). Suppose q*u - 365 - 781 = 0. Is u a prime number?
True
Suppose 0 = 2*p - 4*y - 3576, p - y = -3*y + 1784. Let z = p + -1094. Let k = z - 281. Is k prime?
False
Let l(k) = 25250*k**2 - k. Is l(1) composite?
True
Let v(d) = -d**3 + 14*d**2 + 13*d - 16. Let j be v(14). Let q = 345 - j. Is q composite?
False
Suppose 28 = 5*j - 2*d, -j - 9 = 5*d + 7. Suppose -2957 = -j*f - p, -1624 = -3*f - 2*p + 595. Is f a composite number?
False
Let x(g) = 6*g - 27. Let b be x(5). Suppose b*i - 2*i + 350 = 2*m, -4*i = -16. Is m prime?
False
Suppose n + 2*b - 1 = 0, -b + 5*b = -n - 1. Let p(m) = m**3 - 2*m**2 - 6*m + 9. Let s be p(n). Suppose s = -5*k - 1248 + 4493. Is k prime?
False
Let o(x) = 26*x**2 + 42*x + 71. Is o(-31) a prime number?
False
Suppose 3*h = -4 - 8, 3*j - 84563 = 5*h. Is j a composite number?
False
Let f(z) = 1140*z**2 - 69*z + 206. Is f(3) prime?
True
Suppose -2*o = 6*o - 14680. Let b = o - 1152. Is b composite?
False
Is 4*(-12)/112 - 6603/(-21) a composite number?
True
Suppose 3*z - 5*h = 130485, -3*h + 2*h - 43495 = -z. Is z a composite number?
True
Let v(l) = 144*l**3 - 6*l**2 - 8*l + 1. Is v(3) a composite number?
True
Let d(b) = -3 + 3*b**2 - 7*b + 4*b + 11*b. Let f be d(-6). Suppose -4*v + f = -v. Is v a prime number?
True
Suppose 7*h = 5*h + 2370. Let j be (-2 - h)*(-4 + 3). Suppose -3*t - 3*g + 714 = 0, -2*t - 3*t = 4*g - j. Is t prime?
False
Let c(w) = -w**3 + 16*w**2 - 2. Let d be c(16). Let s(t) = -58*t + 2. Is s(d) a composite number?
True
Is (-293*1/(-4))/((-6)/(-24)) a prime number?
True
Let j(y) = -y**2 - 12*y + 15. Let w be j(-13). Is ((-6752)/48)/(w/(-3)) a composite number?
False
Let q(j) = -2. Let r(h) = -5. Let i(v) = 7*q(v) - 3*r(v). Let s(b) = -52*b + 7. Let g(f) = 4*i(f) - s(f). Is g(6) prime?
False
Suppose -196*q = -205*q + 7083. Is q composite?
False
Let k(g) = -3*g - 9. Let q be k(-4). Suppose l = -3*r + q, 2*l = 2*r + 9 + 5. Suppose -p + 765 = 4*x, l*p = p + 5. Is x a composite number?
False
Let t = 32 - 34. Is (33/t)/(54/(-8604)) a prime number?
False
Suppose 4*l - 3 = 3*l. Suppose -l*y + 4870 = 5*u, u = 2*u + 5*y - 996. Is u composite?
False
Let k be (-56)/(-6)*-2*(5 - 188). Suppose k + 3148 = 6*n. Is n composite?
True
Let l = 20 - 1. Suppose 3*r = 5*w - 9 - l, w + 3*r = 2. Is ((-743)/w)/(1/(-5)) composite?
False
Let o = 32 - 19. Let f = o + -7. Suppose -f*r + 2259 = -195. Is r a composite number?
False
Suppose 5*l + 60 = -20. Let m = -8 - l. Is (322/(-4))/((-4)/m) a prime number?
False
Let j(a) = 5*a + 53. Let h be j(-12). Let o(m) = -3*m**3 - 7*m**2 + 4*m + 11. Is o(h) prime?
False
Suppose -12 = -4*k + 2*i, -5*k + 3*i + 15 = -0*k. Suppose 0 = -m + k*m - 1662. Is m a composite number?
True
Let v(t) be the first derivative of -t**3/3 + t - 7. Let i be v(-1). Suppose 2 = -p - i, 3*p = -h + 245. Is h a composite number?
False
Let r be 1506/(-9)*(2 + -11). Let p = 3834 - r. Let m = p + -1591. Is m a prime number?
False
Let i = -8 + 11. Let a(l) = -l**3 + 4*l**2 - 4*l + 1. Let d be a(i). Let n = 19 - d. Is n a composite number?
True
Suppose -5*l = -5*t - 30, 4*l + t = 3*l. Suppose 9*c - 6*c = -l. Is c + 73 + 0 + -3 composite?
True
Let t(o) = -o + 2*o + 0 + o + 1 + 10*o**2. Is t(3) prime?
True
Suppose 0*q - 1412 = -2*q. Let v = 1037 - q. Is v prime?
True
Let t(l) = 6*l - 29. Suppose -f + 38 = 2*o + o, 4*o + 2*f - 52 = 0. Is t(o) prime?
True
Suppose 0 = -851*z + 855*z - 178612. Is z a prime number?
False
Suppose -4*u + 52569 = 5*v - 3*u, -4*u = 4*v - 42068. Is v a prime number?
True
Let n be (-3)/(2*3/(-8)). Suppose -4*b + 3638 = 3*f + b, -n*f + 3*b = -4841. Is f a prime number?
False
Suppose 0 = -3*z - g + 46807, 2*g + 42027 + 35970 = 5*z. Is z prime?
True
Let p = 5 + 11. Let u = 64 - p. Suppose -4*x - 3*b - u + 412 = 0, 0 = 3*x + 5*b - 273. Is x composite?
True
Suppose -5*r + 32721 = 4*v, -7*r + 6*r - 3*v = -6553. Is r prime?
False
Suppose -2*d = -8 + 22. Let y(x) = 7*x**3 + 11*x**2 - 12*x + 11. Let k(t) = 10*t**3 + 16*t**2 - 18*t + 16. Let n(u) = d*y(u) + 5*k(u). Is n(4) composite?
True
Suppose -5*h + 28 = 3*v, -5*v - 2*h = h - 36. Suppose -8*x + v*x = -4210. Is x composite?
True
Let u(j) = 3*j + 5. Let l be u(13). Let d be (l/(-8) - -4)*6. Is (3/(-2))/(d/228) a prime number?
False
Suppose -5*q + 37837 - 8327 = 5*a, 3*q = 2*a - 11789. Is a a prime number?
False
Let z be 6/4 - (-147)/(-6)*1. Let y = z + 118. Is y prime?
False
Suppose r = -3*v - 23822 + 117184, 0 = 4*v - r - 124485. Is v composite?
False
Let s be (2/(-4))/((-6)/12*1). Is (177/(-12)*-1)/(s/116) prime?
False
Let l(i) = -56*i - 19 + 153*i + 210*i + 69*i. Is l(3) prime?
True
Suppose 0 = 30*u - 21177 - 7773. Is u a composite number?
True
Let g = -111 - 28. Let z = g - -303. Suppose 5*d - z = k, -5*k + 0 + 5 = 0. Is d a prime number?
False
Let t = 12 - 10. Let z be -77*((-3 - 0) + t). Suppose f = 3*g + z, -5*f + 0*g = -4*g - 385. Is f prime?
False
Suppose 46 + 9 = t. Suppose t*x - 54*x - 1139 = 0. Is x prime?
False
Suppose -750888 - 730600 = -16*n. Is n prime?
True
Suppose 2*s + 5*u - 17 = -s, 3*s + 2*u - 14 = 0. Is (123 - s) + -5 + 1 composite?
True
Suppose -77 = -8*t + 27. Suppose t + 2 = 5*d, 0 = 2*a + d - 505. Is a prime?
True
Let y be 2/((-6)/21) + 0. Let r(l) = -l - 2. Let a be r(y). Is (a/5)/(2/582) a composite number?
True
Suppose 2*q = -2*l + 87086, -l - 2*l + 3*q + 130617 = 0. Is l a prime number?
True
Let w(v) = v**2 + 5*v + 6. Let r be w(-3). Suppose r = -0*j - j + 373. Is j composite?
False
Let c(t) = t - 5. Let n be c(7). Is 1*(-2)/(n/(-571)) composite?
False
Let l = 6763 + -3252. Is l composite?
False
Suppose -c - w + 650 = -1133, 3*c - 5349 = -w. Is c composite?
False
Let p(d) = -985*d - 1. Is p(-2) composite?
True
Let a(y) = 585*y**2 + 6*y + 14. Is a(9) a prime number?
False
Let c(n) = n**2. Let p(w) = 3*w**2 - 2*w. Let t(q) = 5*c(q) + p(q). Is t(-1) a prime number?
False
Let g be 0*(27/12 + -2). Suppose -4*a + 3*k + k + 608 = g, 2*a - 310 = 4*k. Is a a prime number?
True
Let x be 4*1/8*4. Suppose 0 = x*t - 5*k - 464 - 435, -1853 = -4*t - k. Suppose 0 = -2*s + 6, -4*s - t - 170 = -4*m. Is m a composite number?
True
Suppose -2518 = -5*u - 423. Let c = u + 458. Is c a composite number?
False
Let h = -2 + -7. Let u be 12/(-8)*12/h. Suppose 0 = 5*c - 3*v - u*v - 25, 2*c = 4*v. Is c a composite number?
True
Suppose 4*i - 597 = 2951. Let h = 1428 - i. Is h a composite number?
False
Let l = -4 - -4. Suppose l = -v + 123 + 110. Is v a prime number?
True
Let y(u) = -2450*u + 163. Is y(-3) composite?
True
Suppose 0 = -87*t + 79984 + 773399. Is t a composite number?
True
Suppose -77 = -13*o + 53. Is o a composite number?
True
Let t be (-2 - -1)/(-4 + (-16818)/(-4206)). Suppose -n - 4*l + t = 0, -4*n + 2844 = -l - 3*l. Is n prime?
True
Let q(i) be the third derivative of -21*i**6/40 - i**5/60 - i**2. Let h = 35 + -36. Is q(h) a prime number?
False
Let p = -11 - -18. Suppose -4*v = -16, -k + 3*v - p*v = 150. Let q = 307 + k. Is q a composite number?
True
Let b = -24786 + 36467. Is b/4 - 7/((-84)/9) composite?
True
Let o(h) = -h**2 - 6*h - 1. Let w be o(-5). Suppose -6*f + 2*f - 16 = -w*v, -3*v + 2*f + 14 = 0. Suppose 0 = -v*g + 2*g + 212. Is g prime?
True
Let g(w) = w**3 + 5*w**2 + 3*w + 1. Let q be (-76)/16*-2*18. Let n be q/(-63) + (-2)/7. Is g(n) prime?
False
Suppose 0 = 3*c 